{"id":740,"date":"2014-11-05T12:09:10","date_gmt":"2014-11-05T12:09:10","guid":{"rendered":"http:\/\/dodo.inm.ras.ru\/biomath\/?page_id=740"},"modified":"2015-10-07T17:57:23","modified_gmt":"2015-10-07T17:57:23","slug":"pres","status":"publish","type":"page","link":"https:\/\/dodo.inm.ras.ru\/biomath\/conf6-en\/pres","title":{"rendered":"Electronic presentations"},"content":{"rendered":"<div class=\"col300\" id=\"sidebar\" style=\"margin: 0px;\">\n<aside class=\"widget\" id=\"nav_menu-2\" style=\"margin: 0px; padding: 0px;\">\n<ul>\n<li style=\"list-style-type: none;\"><a href=\"http:\/\/dodo.inm.ras.ru\/biomath\/conf6-en\/\">VI-th conference<\/a><\/li>\n<li style=\"list-style-type: none;\"><a href=\"http:\/\/dodo.inm.ras.ru\/biomath\/conf6-en\/prog\/\">Joint program<\/a><\/li>\n<li style=\"list-style-type: none;\"><a href=\"http:\/\/dodo.inm.ras.ru\/biomath\/conf6-en\/pres\/\">Electronic presentations<\/a><\/li>\n<li style=\"list-style-type: none;\"><a href=\"http:\/\/dodo.inm.ras.ru\/biomath\/conf6-en\/materials\/\">Proceedings of VI-th conference (special issue of RJNAMM journal)<\/a><\/li>\n<li style=\"list-style-type: none;\"><a href=\"http:\/\/dodo.inm.ras.ru\/biomath\/conf6-en\/mmmbm\/\">Workshop MMMBM<\/a><\/li>\n<\/ul>\n<\/aside>\n<\/div>\n<div class=\"clearfix col620\" id=\"main\" role=\"main\">\n<h3 style=\"text-align: justify;\">6th Russian Workshop on Mathematical Models and Numerical Methods in Biomathematics and 4-th International Workshop on the Multiscale Modeling and Methods in Biology and Medicine<\/h3>\n<ul>\n<li>\nA.Chupakhin (Inst. of hydrodynamics, Novosibirsk). <a  href=\"http:\/\/dodo.inm.ras.ru\/biomath-archive\/presentationsVI\/Chupakhin.pptx\" target=_blank> Blood flow monitoring in brain vessels<br \/>\n<\/a>\n<\/li>\n<li>\nA.Cherevko (Inst. of hydrodynamics, Novosibirsk). <a  href=\"http:\/\/dodo.inm.ras.ru\/biomath-archive\/presentationsVI\/Cherevko.pptx\" target=_blank> Numerical modelling of affected zone for cerebral aneurysm<br \/>\n<\/a>\n<\/li>\n<li>\nI.Petrenko (Vladimir State Univ.). <a  href=\"http:\/\/dodo.inm.ras.ru\/biomath-archive\/presentationsVI\/Petrenko.pdf\" target=_blank> Embolization of arteriovenous malformations: model and optimization<br \/>\n<\/a>\n<\/li>\n<li>\nA.Khe (Inst. of hydrodynamics, Novosibirsk). <a  href=\"http:\/\/dodo.inm.ras.ru\/biomath-archive\/presentationsVI\/Khe.pptx\" target=_blank> Modelling of multiple cerebral aneurysms<br \/>\n<\/a>\n<\/li>\n<li>\nA.Yanchenko (Novosibirsk State Univ.). <a  href=\"http:\/\/dodo.inm.ras.ru\/biomath-archive\/presentationsVI\/Yanchenko.pptx\" target=_blank> Numerical and experimental study of blood flow in carotid bifurcation<br \/>\n<\/a>\n<\/li>\n<li>\nYu.Ivanov (INM, Moscow), R.Pryamonosov (Moscow State Univ.). <a  href=\"http:\/\/dodo.inm.ras.ru\/biomath-archive\/presentationsVI\/Ivanov.pptx\" target=_blank> Patient specific reconstruction of vascular network for hemodynamic modelling<br \/>\n<\/a>\n<\/li>\n<li>\nT.Gamilov, S.Simakov (Moscow Inst.Phys.Tech.), E.Boileau (Swansea Univ.). <a  href=\"http:\/\/dodo.inm.ras.ru\/biomath-archive\/presentationsVI\/gamilov.pptx\" target=_blank> Validation and testing of 1D haemodynamics models<br \/>\n<\/a>\n<\/li>\n<li>\nG.Panasenko (Inst. C.Jordan, St-Etienne, Laboratory Poncelet, Moscow).  <a  href=\"http:\/\/dodo.inm.ras.ru\/biomath-archive\/presentationsVI\/panasenko.pdf\" target=_blank> Junction of models of different dimension for flows in thin structures<br \/>\n<\/a>\n<\/li>\n<li>\nS.Simakov, T.Gamilov (Moscow Inst.Phys.Tech.). <a  href=\"http:\/\/dodo.inm.ras.ru\/biomath-archive\/presentationsVI\/Simakov.ppt\" target=_blank> 1D-0D coupled algorithms for haemodynamical modeling<br \/>\n<\/a>\n<\/li>\n<li>\nV.Volpert (Inst. C.Jordan, Lyon). <a  href=\"http:\/\/dodo.inm.ras.ru\/biomath-archive\/presentationsVI\/volpert.pdf\" target=_blank> Multi-scale models in cell dynamics<br \/>\n<\/a>\n<\/li>\n<li>\nG.Vial (Inst. C.Jordan, Lyon). <a  href=\"http:\/\/dodo.inm.ras.ru\/biomath-archive\/presentationsVI\/Vial.pdf\" target=_blank> Profile computations for elliptic problems in domains with small holes<br \/>\n<\/a>\n<\/li>\n<li>\nF.Ataullakhanov (National Cent.Problems in Chemo-Physical Pharmacology, Moscow). <a  href=\"http:\/\/dodo.inm.ras.ru\/biomath-archive\/presentationsVI\/Ataullakhanov.pptx\" target=_blank> Multiscale modelling of the microtubule dynamics<br \/>\n<\/a>\n<\/li>\n<li>\nV.Shiryaev, J.Orlik (Fraunhofer Inst., Kaiserslautern), G.Panasenko (Instit. Camille Jordan, St-Etienne, Labor. Poncelet, Moscow). <a  href=\"http:\/\/dodo.inm.ras.ru\/biomath-archive\/presentationsVI\/Shiryaev.pdf\" target=_blank> Optimization of Robin-type problems of elasticity via homogenizationand beam models with the application to medical textiles design<br \/>\n<\/a>\n<\/li>\n<li>\nN.Pertsev (Inst. of Mathematics, Omsk). <a  href=\"http:\/\/dodo.inm.ras.ru\/biomath-archive\/presentationsVI\/Pertsev.pdf\" target=_blank> Application of M-matricies for study a high-dimension models in biology and medicine: stability and asymptotic behavior of solutions<br \/>\n<\/a>\n<\/li>\n<li>\nJ.Orlik, D. Cioranescu, A. Damlamian, V. Shiryaev (Fraunhofer Inst., Kaiserslautern). <a  href=\"http:\/\/dodo.inm.ras.ru\/biomath-archive\/presentationsVI\/Orlik.pdf\" target=_blank> Homogenization of the frictional contact problems on a periodic medical textiles<br \/>\n<\/a>\n<\/li>\n<li>\nR.Aliev, R.Syunyaev (Moscow Inst.Phys.Tech., Fed.Biomedical Agency). <a  href=\"http:\/\/dodo.inm.ras.ru\/biomath-archive\/presentationsVI\/Aliev.ppt\" target=_blank> Computer simulations of propagation and reentry patterns in the sinoatrial node<\/a>\n<\/li>\n<li>\nA.Tsaturyan (Moscow State Univ.).<br \/>\n<a  href=\"http:\/\/dodo.inm.ras.ru\/biomath-archive\/presentationsVI\/Tsaturyan.pptx\" target=_blank> A mechanochemical model of cardiac muscle: simulation of experiments in vitro and left ventricle pumping function<br \/>\n<\/a>\n<\/li>\n<li>\nA.Vasilyeva, N.Vikulova, V.Marhasin, O.Soloyyova (Inst. Immunology and Physiology, Yekaterinburg).  <a  href=\"http:\/\/dodo.inm.ras.ru\/biomath-archive\/presentationsVI\/Vasilyeva.pptx\" target=_blank> Transmural heterogeneity of myocardium in norm and pathology<br \/>\n<\/a>\n<\/li>\n<li>\nA.Danilov (INM). <a  href=\"http:\/\/dodo.inm.ras.ru\/biomath-archive\/presentationsVI\/danilov.pdf\" target=_blank> ECG numerical modelling for patients with pathologies<\/a>\n<\/li>\n<li>\nA.Kursanov (Inst. Immunology and Physiology, Yekaterinburg). <a  href=\"http:\/\/dodo.inm.ras.ru\/biomath-archive\/presentationsVI\/Kursanov.ppt\" target=_blank> Impact of mechanical factors on o rhythm disturbances in mathematical model of cardiac fiber<br \/>\n<\/a>\n<\/li>\n<li>\nS.I.Mukhin (Moscow State Univ.).  <a  href=\"http:\/\/dodo.inm.ras.ru\/biomath-archive\/presentationsVI\/mukhin.pps\" target=_blank> Mathematical models of hemodynamic as an instrument for solution of related medical problems<br \/>\n<\/a>\n<\/li>\n<li>\nA.Medvinskiy, N.Nurieva, A.Rusakov (Inst.Theoretical and Exper.Biophysics, Puschino), B.Adamovich, T.Miheev, T.Zhukova (Belorus.state univ., Minsk), N.Radchikova (Belorus. state pedagog. univ.).  <a  href=\"http:\/\/dodo.inm.ras.ru\/biomath-archive\/presentationsVI\/Medvinski.ppt\" target=_blank> Life on chaos border? Mathematical modelling and analysis of field measurements<br \/>\n<\/a>\n<\/li>\n<li>\nN.Pertsev (Inst. of Mathematics, Omsk). <a  href=\"http:\/\/dodo.inm.ras.ru\/biomath-archive\/presentationsVI\/Pertsev_ru.pdf\" target=_blank> Asymptotic behavior of solutions of mathematical models for epidemic processes with common structural properties<br \/>\n<\/a>\n<\/li>\n<li>\nV.Leonenko (Univ. of inform.technologies, mechanics and optics, S-Peterburg), N.Pertsev (Inst. of Mathematics, Omsk). <a  href=\"http:\/\/dodo.inm.ras.ru\/biomath-archive\/presentationsVI\/leonenko.pdf\" target=_blank> High performance computing for mimetic modelling of socially significant diseases propagation<br \/>\n<\/a>\n<\/li>\n<li>\nR.Trascheev (Inst.Fund.Problems of Biology, Puschino), D.Sarancha (Computing Centre,Moscow). <a  href=\"http:\/\/dodo.inm.ras.ru\/biomath-archive\/presentationsVI\/Trascheev.ppt\" target=_blank> Approaches to modelling of biocenosis<br \/>\n<\/a>\n<\/li>\n<li>\nA.Bratus (Moscow State Univ.), S.Yu. Kovalenko (Fed.scient.clinic.center, Moscow), H. Fimmel (Univ.Mannheim, Germany). <a  href=\"http:\/\/dodo.inm.ras.ru\/biomath-archive\/presentationsVI\/Bratus.pdf\" target=_blank> On viable therapy strategy in mathematical models of interaction drugs and maligant cells<br \/>\n<\/a>\n<\/li>\n<li>\nJean Clairambault, Rebecca Chisholm, Tommaso Lorenzi, Alexander Lorz, Beno\u00eet Perthame, Emmanuel Tr\u00e9lat (Jacques-Louis Lions Laboratory, INRIA &#038; UPMC, Paris), Alexandre Escargueil (Cancer Biology and Therapeutics Lab, INSERM &#038; UPMC, St Antoine Hosp., Paris). <a  href=\"http:\/\/dodo.inm.ras.ru\/biomath-archive\/presentationsVI\/Clairambault.pdf\" target=_blank> Drug resistance in cancer: biological and medical issues, continuous modelling using structured population dynamics and theoretical therapeutic optimisation<br \/>\n<\/a>\n<\/li>\n<li>\nT.Galochkina (Fed. Biomedical Agency, MSU, Moscow), A.Bratus (Moscow State Univ.), V\u00edctor M. P\u00e9rez Garc\u00eda (Univer. de Castilla-La Mancha).  <a  href=\"http:\/\/dodo.inm.ras.ru\/biomath-archive\/presentationsVI\/Galochkina.pdf\" target=_blank> Optimal radiotherapy regimes for low grade gliomas: insights from a mathematical model<br \/>\n<\/a>\n<\/li>\n<li>\nA.Kolobov (Phys.Inst., INM, Moscow), M.Kuznetsov (Phys.Inst.).  <a  href=\"http:\/\/dodo.inm.ras.ru\/biomath-archive\/presentationsVI\/Kolobov.pdf\" target=_blank> Tumor growth modeling under antiangiogenic therapy<br \/>\n<\/a>\n<\/li>\n<li>\nS.Maltseva (Inst. of Mathematics, Novosibirsk). <a  href=\"http:\/\/dodo.inm.ras.ru\/biomath-archive\/presentationsVI\/maltseva.pdf\" target=_blank> Cerebral vascular network reconstruction on high field MRI data<br \/>\n<\/a>\n<\/li>\n<li>\nV.Salamatova (Moscow Inst.Phys.Tech., INM). <a  href=\"http:\/\/dodo.inm.ras.ru\/biomath-archive\/presentationsVI\/Salamatova.pdf\" target=_blank> Modelling of soft tissue deformation<br \/>\n<\/a>\n<\/li>\n<li>\nE.Timme (Inst. Biomedical Problems, Moscow), E.Akimov, M.Vinogradov (Sports center of innovative technologies, Moscow). <a  href=\"http:\/\/dodo.inm.ras.ru\/biomath-archive\/presentationsVI\/Timme.ppt\" target=_blank> Modeling of sport shape dynamics in endurance sports<br \/>\n<\/a>\n<\/li>\n<li>\nV.Maryakhina, Gun\u2019kov V.V. (Orenburg State Univ.). <a  href=\"http:\/\/dodo.inm.ras.ru\/biomath-archive\/presentationsVI\/Maryakhina.pptx\" target=_blank> Fluorescence of photosensitizer and its diffusion in biological liquid flow<br \/>\n<\/a>\n<\/li>\n<li>\nK.Novikov (Moscow State Univ.). <a  href=\"http:\/\/dodo.inm.ras.ru\/biomath-archive\/presentationsVI\/Novikov.ppt\" target=_blank> Mathematical modelling of early endosomes and dynamics of Rab5<br \/>\n<\/a>\n<\/li>\n<li>\nD.Konyagin (NVIDIA, Moscow). <a  href=\"http:\/\/dodo.inm.ras.ru\/biomath-archive\/presentationsVI\/NVIDIA.pdf\" target=_blank> Accelerated Computing from Mobile Devices to Supercomputers<br \/>\n<\/a>\n<\/li>\n<\/ul>\n<\/div>\n","protected":false},"excerpt":{"rendered":"<p>VI-th conference Joint program Electronic presentations Proceedings of VI-th conference (special issue of RJNAMM journal) Workshop MMMBM 6th Russian Workshop on Mathematical Models and Numerical Methods in Biomathematics and 4-th International Workshop on the Multiscale Modeling and Methods in Biology and Medicine A.Chupakhin (Inst. of hydrodynamics, Novosibirsk). Blood flow monitoring in brain vessels A.Cherevko (Inst. [&hellip;]<\/p>\n","protected":false},"author":1,"featured_media":0,"parent":439,"menu_order":0,"comment_status":"closed","ping_status":"closed","template":"full-width-page.php","meta":{"_bbp_topic_count":0,"_bbp_reply_count":0,"_bbp_total_topic_count":0,"_bbp_total_reply_count":0,"_bbp_voice_count":0,"_bbp_anonymous_reply_count":0,"_bbp_topic_count_hidden":0,"_bbp_reply_count_hidden":0,"_bbp_forum_subforum_count":0},"_links":{"self":[{"href":"https:\/\/dodo.inm.ras.ru\/biomath\/wp-json\/wp\/v2\/pages\/740"}],"collection":[{"href":"https:\/\/dodo.inm.ras.ru\/biomath\/wp-json\/wp\/v2\/pages"}],"about":[{"href":"https:\/\/dodo.inm.ras.ru\/biomath\/wp-json\/wp\/v2\/types\/page"}],"author":[{"embeddable":true,"href":"https:\/\/dodo.inm.ras.ru\/biomath\/wp-json\/wp\/v2\/users\/1"}],"replies":[{"embeddable":true,"href":"https:\/\/dodo.inm.ras.ru\/biomath\/wp-json\/wp\/v2\/comments?post=740"}],"version-history":[{"count":7,"href":"https:\/\/dodo.inm.ras.ru\/biomath\/wp-json\/wp\/v2\/pages\/740\/revisions"}],"predecessor-version":[{"id":865,"href":"https:\/\/dodo.inm.ras.ru\/biomath\/wp-json\/wp\/v2\/pages\/740\/revisions\/865"}],"up":[{"embeddable":true,"href":"https:\/\/dodo.inm.ras.ru\/biomath\/wp-json\/wp\/v2\/pages\/439"}],"wp:attachment":[{"href":"https:\/\/dodo.inm.ras.ru\/biomath\/wp-json\/wp\/v2\/media?parent=740"}],"curies":[{"name":"wp","href":"https:\/\/api.w.org\/{rel}","templated":true}]}}